{"id":1230,"date":"2025-05-23T16:24:19","date_gmt":"2025-05-23T19:24:19","guid":{"rendered":"https:\/\/plts.ianesgeek.com\/catalago1\/?post_type=product&#038;p=1230"},"modified":"2025-10-21T12:18:03","modified_gmt":"2025-10-21T15:18:03","slug":"esponja-de-maquiagem","status":"publish","type":"product","link":"https:\/\/plts.ianesgeek.com\/catalago1\/catalogo\/esponja-de-maquiagem\/","title":{"rendered":"Esponja de Limpeza"},"content":{"rendered":"<p class=\"\" data-start=\"312\" data-end=\"416\"><strong data-start=\"312\" data-end=\"416\">Transforme sua rotina de cuidados com a pele com nossa esponja de limpeza facial de alta qualidade.<\/strong><\/p>\n<p class=\"\" data-start=\"418\" data-end=\"653\">Feita com material macio e delicado, \u00e9 ideal para todos os tipos de pele, inclusive as mais sens\u00edveis. Sua textura suave ajuda a remover impurezas, oleosidade e res\u00edduos de maquiagem, promovendo uma limpeza profunda sem agredir a pele.<\/p>\n<p class=\"\" data-start=\"655\" data-end=\"850\">Pode ser usada com sabonete facial ou apenas com \u00e1gua. Reutiliz\u00e1vel e f\u00e1cil de lavar, \u00e9 perfeita para uso di\u00e1rio, deixando sua pele limpa, fresca e preparada para os pr\u00f3ximos passos da skincare.<\/p>\n","protected":false},"excerpt":{"rendered":"<p>Sua pele limpa, suave e renovada com a esponja de limpeza facial ideal para o dia a dia.<\/p>\n","protected":false},"featured_media":1195,"comment_status":"open","ping_status":"closed","template":"","meta":{"site-sidebar-layout":"default","site-content-layout":"","ast-site-content-layout":"default","site-content-style":"default","site-sidebar-style":"default","ast-global-header-display":"","ast-banner-title-visibility":"","ast-main-header-display":"","ast-hfb-above-header-display":"","ast-hfb-below-header-display":"","ast-hfb-mobile-header-display":"","site-post-title":"","ast-breadcrumbs-content":"","ast-featured-img":"","footer-sml-layout":"","theme-transparent-header-meta":"default","adv-header-id-meta":"","stick-header-meta":"","header-above-stick-meta":"","header-main-stick-meta":"","header-below-stick-meta":"","astra-migrate-meta-layouts":"set","ast-page-background-enabled":"default","ast-page-background-meta":{"desktop":{"background-color":"var(--ast-global-color-4)","background-image":"","background-repeat":"repeat","background-position":"center center","background-size":"auto","background-attachment":"scroll","background-type":"","background-media":"","overlay-type":"","overlay-color":"","overlay-opacity":"","overlay-gradient":""},"tablet":{"background-color":"","background-image":"","background-repeat":"repeat","background-position":"center center","background-size":"auto","background-attachment":"scroll","background-type":"","background-media":"","overlay-type":"","overlay-color":"","overlay-opacity":"","overlay-gradient":""},"mobile":{"background-color":"","background-image":"","background-repeat":"repeat","background-position":"center center","background-size":"auto","background-attachment":"scroll","background-type":"","background-media":"","overlay-type":"","overlay-color":"","overlay-opacity":"","overlay-gradient":""}},"ast-content-background-meta":{"desktop":{"background-color":"var(--ast-global-color-5)","background-image":"","background-repeat":"repeat","background-position":"center center","background-size":"auto","background-attachment":"scroll","background-type":"","background-media":"","overlay-type":"","overlay-color":"","overlay-opacity":"","overlay-gradient":""},"tablet":{"background-color":"var(--ast-global-color-5)","background-image":"","background-repeat":"repeat","background-position":"center center","background-size":"auto","background-attachment":"scroll","background-type":"","background-media":"","overlay-type":"","overlay-color":"","overlay-opacity":"","overlay-gradient":""},"mobile":{"background-color":"var(--ast-global-color-5)","background-image":"","background-repeat":"repeat","background-position":"center center","background-size":"auto","background-attachment":"scroll","background-type":"","background-media":"","overlay-type":"","overlay-color":"","overlay-opacity":"","overlay-gradient":""}}},"product_brand":[],"product_cat":[19],"product_tag":[],"class_list":{"0":"post-1230","1":"product","2":"type-product","3":"status-publish","4":"has-post-thumbnail","6":"product_cat-limpador","7":"pa_cor-amarelo","8":"pa_cor-roxo","9":"desktop-align-left","10":"tablet-align-left","11":"mobile-align-left","13":"first","14":"instock","15":"featured","16":"shipping-taxable","17":"purchasable","18":"product-type-variable","19":"add-to-wishlist-before_image"},"_links":{"self":[{"href":"https:\/\/plts.ianesgeek.com\/catalago1\/wp-json\/wp\/v2\/product\/1230","targetHints":{"allow":["GET"]}}],"collection":[{"href":"https:\/\/plts.ianesgeek.com\/catalago1\/wp-json\/wp\/v2\/product"}],"about":[{"href":"https:\/\/plts.ianesgeek.com\/catalago1\/wp-json\/wp\/v2\/types\/product"}],"replies":[{"embeddable":true,"href":"https:\/\/plts.ianesgeek.com\/catalago1\/wp-json\/wp\/v2\/comments?post=1230"}],"version-history":[{"count":3,"href":"https:\/\/plts.ianesgeek.com\/catalago1\/wp-json\/wp\/v2\/product\/1230\/revisions"}],"predecessor-version":[{"id":1665,"href":"https:\/\/plts.ianesgeek.com\/catalago1\/wp-json\/wp\/v2\/product\/1230\/revisions\/1665"}],"wp:featuredmedia":[{"embeddable":true,"href":"https:\/\/plts.ianesgeek.com\/catalago1\/wp-json\/wp\/v2\/media\/1195"}],"wp:attachment":[{"href":"https:\/\/plts.ianesgeek.com\/catalago1\/wp-json\/wp\/v2\/media?parent=1230"}],"wp:term":[{"taxonomy":"product_brand","embeddable":true,"href":"https:\/\/plts.ianesgeek.com\/catalago1\/wp-json\/wp\/v2\/product_brand?post=1230"},{"taxonomy":"product_cat","embeddable":true,"href":"https:\/\/plts.ianesgeek.com\/catalago1\/wp-json\/wp\/v2\/product_cat?post=1230"},{"taxonomy":"product_tag","embeddable":true,"href":"https:\/\/plts.ianesgeek.com\/catalago1\/wp-json\/wp\/v2\/product_tag?post=1230"}],"curies":[{"name":"wp","href":"https:\/\/api.w.org\/{rel}","templated":true}]}}